t is the greatest common divisor of u and 2205?
45
Let l(b) be the second derivative of b**5/5 - 2*b**4/3 - 4*b**2 + 3*b - 2. Let u be l(4). What is the highest common factor of u and 45?
15
Suppose 2*p - m - 507 = 0, 0*p = p + 4*m - 276. Let j be (-24)/(-28)*(p - 4). What is the greatest common factor of j and 27?
27
Let c = -26 - -28. Suppose 0 = 8*m - c*m - 18. Suppose 0 = m*k - 40 + 4. Calculate the highest common divisor of k and 8.
4
Let h(o) = 20*o + 4. Suppose -i = -4*i - 5*w + 3, -4*w = -3*i + 30. Let m be h(i). Suppose -7*b + m = -72. Calculate the greatest common divisor of b and 196.
28
Suppose -14*d = -45 - 25. Let v be (-4 - d)/(3/(-148)). Calculate the greatest common divisor of v and 12.
12
Let s = 87 + -48. Let c = 1 + s. Let a be ((-24)/(-5))/(6/c). Calculate the greatest common factor of 96 and a.
32
Let h(f) = 7*f**2 + 30*f - 49. Let g(d) = -4*d**2 - 15*d + 25. Let r(p) = 5*g(p) + 3*h(p). Let s be r(-19). Calculate the highest common factor of 54 and s.
54
Suppose 155*d + 5*k - 4806 = 153*d, -3*d + 7222 = k. What is the greatest common divisor of 98 and d?
14
Suppose 0 = 229*h - 232*h - 6, 4*d - h = 2002. Calculate the highest common factor of 1875 and d.
125
Let x = 3039 - 3037. Let h = 44 + -20. Calculate the greatest common divisor of h and x.
2
Let l(s) = -s**2 + 10*s + 40. Let t be l(10). Let a(f) = 4*f + 5. Let r be a(7). Let p = r - 17. Calculate the highest common divisor of p and t.
8
Suppose 0 = -45*x + 113458 + 62762. Suppose -4*m + 3673 = 5*c - 1550, 3*m + 4*c - x = 0. What is the highest common divisor of 32 and m?
32
Let r = 14 + 154. Let l(n) = 1121*n + 22444. Let t be l(-20). What is the highest common divisor of r and t?
24
Suppose 5*t - t = 56. Suppose 0 = -2*w + 3*b + 36, 3*w + b - 8 = 57. What is the highest common divisor of t and w?
7
Let x = 101 - 47. Let r = 326 - 325. Let g be 14*1/2 - 1/r. What is the highest common factor of g and x?
6
Suppose -71 = -3*o + 16. Let n(p) = 92*p - 2. Let v be n(3). Let w = v + -129. Calculate the greatest common factor of o and w.
29
Let g(r) = r**3 - 6*r**2 - 12*r + 1. Let d be g(8). Suppose 0 = -d*j + 12*j + 4095. Calculate the greatest common factor of 45 and j.
15
Suppose 4*q + 125 = 5*x, -3*q - 3*x - 26 = 88. Let c = 42 + q. Calculate the greatest common divisor of 3 and c.
1
Let y = 10700 + -5183. What is the highest common factor of 9 and y?
9
Suppose -3*u - u + 8 = 0. Suppose -f = u*f - 702. Let g(b) = -2*b**2 - 103*b + 185. Let k be g(-53). What is the greatest common factor of k and f?
26
Let f(n) = -n**2 + 56*n - 13. Let r be f(34). What is the greatest common divisor of r and 120?
15
Suppose 3*y - 8*m + 6*m = 150, 0 = 5*y + m - 224. What is the greatest common factor of 7429 and y?
23
Let z be 1/3*((-1 - -7) + -33). Let s = z + 11. Suppose s*g - 26 = -24. Calculate the greatest common divisor of 3 and g.
1
Let h(u) = 5*u**2 - 2*u - 93. Let k be h(-5). Calculate the highest common factor of k and 744.
6
Let o(r) = 162*r - 85. Let d be o(3). Suppose -g + 807 = 2*n - 2*g, 0 = n + 2*g - d. What is the highest common factor of 62 and n?
31
Let u(q) = -q**3 - 56*q**2 + 250*q + 382. Let i be u(-60). Let s = 21 - -341. Let y = i + s. Calculate the greatest common factor of y and 48.
48
Let c(k) = -72*k + 3605. Let z be c(50). Calculate the greatest common divisor of z and 3265.
5
Suppose 1848 = 20*g + 1648. Calculate the highest common divisor of 4610 and g.
10
Let z be 75 - 15 - (-1 + 2). Let g = 63 - z. Let w be -1 + g + -4 - 3*-1. Calculate the highest common factor of w and 14.
2
Suppose 6*t - 225 = 21*t. Let d be ((-1631)/t + 2/(-5))*3. What is the highest common divisor of d and 25?
25
Let q(i) = 8*i**2 - 28*i - 8. Let n = 237 + -231. Let j be q(n). Calculate the highest common factor of j and 168.
56
Let f = -19829 + 35795. Calculate the greatest common divisor of 18 and f.
18
Suppose 0 = -5*l + 3*x - 7*x - 51, 20 = -4*l + 2*x. Let c(s) = -s**2 - 13*s - 31. Let r be c(l). Calculate the greatest common divisor of r and 77.
11
Suppose 5*f - 1657 = -4*i, -3*f - 3*i + 1497 - 504 = 0. What is the greatest common divisor of 2220 and f?
111
Let y(v) = 5*v**2 - 5*v - 4. Let j = -23 - -40. Suppose 3*g + 8 = r, 0 = -g - 3*g - 5*r - j. Let m be y(g). What is the greatest common factor of 14 and m?
14
Let n = -280 + 338. Suppose 3*q = -5*a + 141, 0*q = -2*a - 2*q + n. Calculate the highest common divisor of a and 432.
27
Let y(z) = -6*z**3 + 5*z**2 - 34. Let c(o) = o**3 + o + 1. Let n(x) = 5*c(x) + y(x). Let s be n(4). What is the greatest common divisor of 63 and s?
7
Let d = -8 + 10. Let s be 9 - (0 - d) - (1 - 2). Let w be ((-6)/s)/((-1)/576). Calculate the greatest common factor of 32 and w.
32
Suppose -3*x + 9384 = 3*u, -3*x - 2619 = -u + 509. What is the highest common factor of u and 92?
92
Suppose -5*k - 1576 + 2006 = 4*f, -258 = -3*k - 5*f. What is the greatest common divisor of 7138 and k?
86
Suppose 44*z + 1216 = 63*z. Suppose b - 23 = 25. Calculate the highest common divisor of z and b.
16
Let d be (-2)/5 - (-84)/35. Suppose 3*h - 13 = 2*h - 0*h. Calculate the highest common divisor of d and h.
1
Let d be (-5 + 3)*(5 - (-6545)/(-10)). Let j = d + -867. Calculate the highest common factor of 9 and j.
9
Suppose -3*q + 302 = 3*c - 49, -c - 458 = -4*q. Let j(a) = 17*a**2 - 4*a + 2. Let b be j(-1). What is the greatest common divisor of b and q?
23
Let f = 8 - 10. Let c(r) = -6*r - 10. Let k be c(f). Suppose 2*l - k*q - 50 = 0, 0 = l - 2*q - 1 - 21. What is the highest common factor of 70 and l?
14
Suppose -351*f = -131 - 1273. Suppose 2*p - 2*j + 4 = -4, 4*p - j = -1. Let w = p - -3. Calculate the greatest common divisor of w and f.
4
Suppose 2*y - 24 = 4*t, 0*y - 36 = -5*y + 4*t. Suppose -3*q = -2*i + 81, -y*q + 116 = 12*i - 10*i. What is the greatest common divisor of 408 and i?
24
Suppose -11 = -4*j + 5, 0 = -4*i - 3*j + 32. Let t = -92 - -263. Suppose -3*z - 47 = -3*c + 55, 4*z = 5*c - t. Calculate the greatest common factor of c and i.
5
Let h = 71 - 60. Suppose h*x = 7*x + 48. Let j(s) = s**3 - 14*s**2 + 25*s - 7. Let q be j(x). What is the greatest common divisor of q and 40?
5
Suppose 1692*o + 151424 = 1700*o. What is the greatest common divisor of o and 112?
112
Let w = 5 - 7. Let n(q) be the second derivative of q**5/20 + q**4/4 + 2*q**2 - 3097*q. Let g be n(w). What is the highest common factor of g and 4?
4
Let m be (-3 - -14) + -5 + -3 - 4. Let c be (-5 - 2) + 7 + (2 - m). Calculate the greatest common divisor of 87 and c.
3
Let v be 142/10 - (-14)/(-70). Let o be (-6)/(53/(-60) - 6/(-45)). What is the highest common divisor of v and o?
2
Suppose -7*g = -6*g - 10. Suppose -n = o - 60, 5*o + 2*n - 143 = 142. What is the highest common factor of o and g?
5
Suppose -29*p + 26*p = -2*c + 4, -3*c + 13 = -p. Suppose 0 = -4*i - 4*u + 80, -2*i + 3*i = -c*u. Calculate the greatest common divisor of 275 and i.
25
Let m = -615 - -2716. Suppose m - 733 = 24*i. What is the highest common divisor of i and 1?
1
Let r = -2854 + 12980. Calculate the greatest common divisor of 122 and r.
122
Let f(x) = x**3 - 2*x. Let j(q) = -5*q**3 + 8*q**2 + q - 5. Let n(u) = -4*f(u) - j(u). Let g be n(7). Calculate the highest common factor of 1 and g.
1
Let j = -2940 + 2960. Calculate the highest common divisor of 725 and j.
5
Suppose 0 = -2*r - 3*l + 121, -130*r + 4*l - 124 = -132*r. Calculate the highest common factor of 245 and r.
7
Suppose q + 5*y + 19 = 0, -3*q + 24 = -5*y + 1. Let h = 95 + -94. Suppose 6*l = h + 47. Calculate the greatest common factor of l and q.
1
Let c be ((1740/(-36))/5)/((-2)/(-36)). Let z = c - -630. Calculate the highest common factor of 19 and z.
19
Let t = 507 - 218. Let z(b) = -b**3 - 95*b**2 + 22*b + 2107. Let k be z(-95). What is the greatest common divisor of k and t?
17
Suppose -220*p = -259*p + 164151. What is the greatest common divisor of 183 and p?
183
Let r(v) = -2*v**2 - 47*v + 32. Suppose 2*c - 4*d + 45 = -3*d, 5*d - 105 = 5*c. Let m be r(c). What is the greatest common divisor of 4 and m?
4
Suppose 0 = 4*y + 3*j - 8, 14 = y - 5*j - 11. Suppose y*m + 17 = 67. Let n be ((-40)/6)/(5/(-60)). What is the highest common divisor of m and n?
10
Let y be 2/7 - (17/(-153) - 6779/63). What is the greatest common divisor of y and 72?
36
Let